uppose 6*j = 3*j + 81. Let y = -24 + j. Suppose -2*i - y*z + 529 = 0, 2*z = -i - 2*i + 801. Is i a composite number?
False
Suppose -2*d + 1416 = v - 3167, -v = -3*d - 4603. Is v composite?
False
Suppose -2*s + 387 = x, -4*x = -2*s + 115 + 247. Is s a composite number?
False
Suppose 9*z + 3412 = 13*z. Is z prime?
True
Suppose -2*h = -10, 3*p - 2*h = -0*h - 10. Suppose 5*g + 44 = f - 39, p = -3*g - 15. Is f a prime number?
False
Let n(z) = z**2 + 2*z + 1. Let k be n(-2). Is 1/(k - (-1536)/(-1538)) composite?
False
Suppose 8*q - 13*q = 52085. Is 8/16 + q/(-2) a composite number?
False
Let b = 1321 - 769. Suppose b = h - 235. Is h a composite number?
False
Let v(c) be the first derivative of 3*c**2 + 14*c + 4. Let g be v(7). Suppose -203 = -4*f + 2*t + 3*t, -g = -f + 3*t. Is f a composite number?
False
Suppose 0 = -30*j - 520 + 5350. Is j a prime number?
False
Let h = 5 + -3. Suppose 4*c + 594 = 2*i, 4*c - 323 = -h*i + 255. Is i composite?
False
Let m = -22 + 21. Let f = m - -8. Let w(n) = 2*n + 12. Is w(f) composite?
True
Let z(x) = 8*x**3 + x**2 - 5*x. Is z(2) a composite number?
True
Let q = -37 + 11. Let v = 365 - q. Is v a prime number?
False
Let t(r) = -r**2 + 11*r + 4. Let x be t(11). Let g(w) = 52*w**2 + 4*w + 3. Is g(x) a composite number?
True
Suppose y = 3*k - 0*y - 5501, 0 = k + 2*y - 1843. Let r = k - 1249. Let b = r - 329. Is b a composite number?
False
Let a be -4 + (-2)/(-1) - -2. Suppose 3*w - 1522 + 283 = a. Is w a composite number?
True
Suppose 0 = -31*v + 33*v - 6. Suppose 3*i = 2*z - 2092, 0*i = v*z + 2*i - 3151. Is z a composite number?
False
Is 379386/294 + 4/7 a prime number?
True
Suppose 7*i - 2*i - 2*h - 16 = 0, 5*h = -5*i - 5. Suppose 2695 = i*x + 269. Is x a prime number?
True
Suppose 0*m = 3*m, 84 = 4*w + m. Let v = -13 + w. Is (526/v)/((-3)/(-12)) a prime number?
True
Let d(u) be the third derivative of -1/24*u**4 + 0 + 1/6*u**3 + 7/30*u**5 + 0*u + 3*u**2 - 1/120*u**6. Is d(13) composite?
False
Let w be -3*2/(4/(-6)). Let f(n) be the first derivative of 5*n**2 - 7*n + 58. Is f(w) prime?
True
Suppose 6383 + 5807 = 10*b. Is b a prime number?
False
Let i be (-7806)/16 - 4/32. Let t = i - -697. Is t prime?
False
Let s(l) = 22666*l**3 - 3*l + 2. Let j be s(1). Suppose 7*x + j = 5*n + 2*x, 9062 = 2*n - 4*x. Is n prime?
False
Let l be (-56)/16 + 2/(-4). Is 12/l + 1469 + -1 prime?
False
Suppose 4*p + 4*n = 12, -2*p + 4*n = 3*p - 24. Suppose -4*q + 72 = k + 19, 226 = p*k + 2*q. Is k prime?
False
Let k = -249 - -169. Let f = k + 215. Let i = -8 + f. Is i a composite number?
False
Suppose 5*z = 2*u + 57910, -9*z + 10*z - 4*u = 11582. Is z a prime number?
False
Let x(l) = l**3 - 4*l**2 - 60*l - 65. Is x(22) prime?
False
Let b = 14848 + -9867. Is b prime?
False
Let y(r) = 47*r**2 + 21*r + 95. Is y(-7) a composite number?
False
Suppose 0 = 5*r + 5*v - 20, 0 = 2*r + r - 2*v - 12. Suppose 55 + 101 = r*o. Suppose 4*z - 182 = -3*f, z + 5*f = f + o. Is z a composite number?
False
Let x(k) = k**3 + 2*k**2 + k + 11. Let o be x(-6). Let c = -80 - o. Is c a prime number?
True
Let s be (-4)/(-6)*(-30)/(-4). Suppose -3*x + 317 = s*k, 7*k + 555 = 5*x + 2*k. Suppose u - x = -3. Is u a composite number?
True
Let p(l) = 16*l**3 - 6*l**2 + 19*l - 14. Let r(z) = 32*z**3 - 13*z**2 + 39*z - 28. Let m(c) = 13*p(c) - 6*r(c). Is m(5) a composite number?
True
Let w be -2 - (-6 - -6) - 6*-151. Suppose 3*c - w = 983. Is c prime?
False
Suppose 3*v - 21587 + 4713 = a, 4*v - 3*a = 22507. Is v composite?
False
Suppose -37 = -d - 15. Let y be (-4)/22 - (-400)/d. Suppose y = a - 131. Is a a composite number?
False
Suppose -3*k - 2*r - 22 = 0, -r = -6*k + 2*k - 44. Let u(s) = -2 + 2 - 9*s**2 + 11*s**2 + 9 + 13*s. Is u(k) composite?
False
Let w = 36 - 39. Is (-4 - w - 0)*-113 a composite number?
False
Let l = 187 + -103. Suppose 2*o + l = -2*c, -3*o + 2*c - 70 - 81 = 0. Is o/(-1)*(1 - 0) composite?
False
Suppose -3*q + 2528 = -2*u - 3*u, 3 = -3*u. Is q a prime number?
False
Suppose -70*t = -75*t + 7190. Is t a composite number?
True
Let a(k) be the first derivative of -k**4/4 + 11*k**3/3 + 7*k**2/2 - 8*k - 14. Is a(11) a prime number?
False
Let y(h) = h + 15. Let p be y(-12). Is (-1)/((-1)/16635*p) a composite number?
True
Let u(z) = -z**2 + 7*z. Let n be u(9). Let r = n + 69. Is r a composite number?
True
Suppose -5*s - 47 = -3*g - 349, 5*g - 5 = 0. Suppose -4*h + 329 - s = 0. Is h a prime number?
True
Let g(u) = 3*u**3 - 1. Let j be g(1). Let r be j/(-9) + (-8082)/81. Let a = r - -182. Is a a composite number?
True
Suppose -2*w - 117506 = -0*f + 3*f, 0 = w - 5. Is ((-2)/(-8))/((-7)/f) a prime number?
True
Let m(g) = -3*g**3 + 18*g**2 + 23*g + 11. Is m(-15) prime?
True
Let z = -2898 - -5687. Is z prime?
True
Let z be (625/(-15) + -2)/(2/6). Let g = -439 - -229. Let s = z - g. Is s a prime number?
True
Let m = 2543 + -1102. Is m a composite number?
True
Suppose 0 = -3*k - 3*f + 50004, -7*k - 4*f + 16683 = -6*k. Is k a composite number?
True
Let q = -12 + 17. Suppose -i + 30 = q. Is 135/i - 3/(-5) a prime number?
False
Let v(p) = -p**3 + 8*p**2 + p - 6. Let s be v(8). Suppose -t + 4*n + 869 = s*t, t = 5*n + 275. Is t composite?
True
Suppose -56 = 4*y - 68. Suppose 0 = -2*l + y*c + 262, 0*l = 3*l + c - 393. Is l a prime number?
True
Let j(w) = w**2 - 11*w + 30. Let l be j(7). Suppose 5294 = 2*k + 2*s, 0 = l*k - s - s - 5294. Is k composite?
False
Suppose i - 5*t - 18 = 0, i = -3*i - 4*t. Suppose 10 = -2*h - 5*q - 15, 5*h - 25 = 5*q. Suppose 8*w - i*w - 295 = h. Is w a prime number?
True
Let m(k) = -k**3 + 2*k**2 + 8*k + 10. Is m(-5) a composite number?
True
Let b(d) = -3*d + 2. Let g(l) = -4*l + 3. Let h(j) = -7*b(j) + 5*g(j). Let w(t) = 10*t**2 + 4*t + 7. Let z(o) = -3*h(o) + w(o). Is z(3) a prime number?
True
Is -1*((4 - 3)*719)/(-1) a prime number?
True
Let q(i) = 11*i**2 + 6*i - 4. Let t be q(6). Suppose -3*m - 16 = m - 4*x, 3*x - 4 = -5*m. Is t + (m - -2*2) a prime number?
True
Let n = 156 + 959. Let q(i) = 11*i**2 - 18*i + 3. Let d be q(7). Let k = n - d. Is k composite?
True
Let o(r) = 5*r**2 - 23*r + 7. Let h be o(5). Let w = 84 - h. Is w a prime number?
True
Let h = -45 + 55. Let i = 49 + -28. Let y = i - h. Is y a prime number?
True
Suppose 8538 = -5*c - 7637. Let x = c + 5456. Is x a composite number?
False
Suppose -r - 20*p + 6389 = -16*p, 3*r - 3*p - 19152 = 0. Is r composite?
True
Suppose -15*q + 19*q - 7892 = 0. Is q composite?
False
Let x be -1 + 15/(-5) + 9. Suppose 0*m - 6334 = -2*m + 4*b, -x*m = -2*b - 15819. Is m prime?
True
Suppose a = -a - 4*k + 884, a - 470 = 5*k. Let m(s) = -5*s**2 - s - 10. Let c be m(6). Let w = c + a. Is w prime?
False
Suppose 4*t + 9 = 7*t. Let u = 8 - t. Suppose 0*d + 3*d - 2*f - 193 = 0, -u*f = 4*d - 288. Is d a composite number?
False
Let n be 211*(-3)/((30/4)/(-5)). Suppose -19*k + n = -17*k. Is k composite?
False
Suppose -4*m - 56 = -j, -2*j + 15 = m - 52. Suppose r - 5*r = j. Let t = r - -88. Is t a composite number?
False
Let g(b) = b**2 + 1. Let s(m) = 26*m**2 - 3 - 6*m + 2 + 43*m**2 - 1. Let i(d) = 4*g(d) + s(d). Is i(-3) a composite number?
False
Let y(t) = t**2 + 30*t + 69. Is y(-34) prime?
False
Suppose -12269 = 5*t - 3*i - 2659, 9570 = -5*t - 5*i. Let m = t + 2722. Is m a composite number?
True
Suppose 5179*o = 5188*o - 61713. Is o a prime number?
True
Let h(y) = -y**2 - 6*y + 16. Let j be h(-8). Suppose 5*u - 4*r = 1435, u + j*r - 287 = -3*r. Is u a prime number?
False
Suppose -194*b = -188*b - 80502. Is b a prime number?
True
Let r be (-6286)/21 - (-4)/(-6). Let h = 112 - r. Let w = h + -249. Is w prime?
True
Let c = 278 - -148. Suppose v - c = -5*v. Is v composite?
False
Suppose -k = k + 3994. Let l = -1002 - k. Is l a prime number?
False
Is 20 + -22 + -1 + 6 + 5806 a composite number?
True
Suppose 2*s - 3*h + 5*h - 412 = 0, -200 = -s + 2*h. Suppose 3*l - s = -l. Is l a prime number?
False
Let x(h) = h**2 + 7*h + 2. Let v be x(-6). Suppose 0 = -a + 3. Is 114 - (v + a + 0) a composite number?
True
Let s = -13 + -13. Is 13/s + 510/4 a prime number?
True
Let z(r) = -188*r - 10. Let j(x) = 188*x + 11. Let g(v) = 3*j(v) + 2*z(v). Let u(l) = -377*l - 27. Let s(w) = -5*g(w) - 2*u(w). Is s(-5) composite?
False
Let k be 7 + (-3 - (-16)/4). Is k/24 + -4427*(-12)/9 prime?
True
Let u = -8 - -13. Suppose -3*x = -i